{"id":1011,"date":"2023-11-25T02:13:39","date_gmt":"2023-11-25T02:13:39","guid":{"rendered":"https:\/\/sietecolores.co\/?post_type=product&#038;p=1011"},"modified":"2023-11-28T16:29:35","modified_gmt":"2023-11-28T16:29:35","slug":"naranja","status":"publish","type":"product","link":"https:\/\/sietecolores.co\/?product=naranja","title":{"rendered":"Naranja"},"content":{"rendered":"<p><b>NARANJA (Citrus Aurantium dulcis o Citrus sinencis)<\/b><\/p>\n<p><span style=\"font-weight: 400;\">Orden: Sapindales<\/span><\/p>\n<p><span style=\"font-weight: 400;\">Familia: Rutaceae<\/span><\/p>\n<p><span style=\"font-weight: 400;\">G\u00e9nero: Citrus<\/span><\/p>\n<p><span style=\"font-weight: 400;\">Especie: Citrus Sinensis<\/span><span style=\"font-weight: 400;\">\u00a0<\/span><\/p>\n<p><b>FELICIDAD Y ENTUSIASMO<\/b><\/p>\n<p><span style=\"font-weight: 400;\">\u00c1rbol frutal de porte mediano, con flores blancas aisladas o en racimo llamadas azahar y de las cuales tambi\u00e9n se extrae un aceite esencial floral c\u00edtrico.<\/span><\/p>\n<p><span style=\"font-weight: 400;\">El naranjo tiene su origen en India, Pakist\u00e1n, Vietnam y China y fue tra\u00eddo a occidente por los \u00e1rabes. Su cultivo se hace en el mundo entero y su producci\u00f3n es parte de la econom\u00eda de muchos pa\u00edses.<\/span><\/p>\n<p><span style=\"font-weight: 400;\">Su aceite esencial es obtenido de la c\u00e1scara de la naranja por prensado en fr\u00edo, aunque tambi\u00e9n puede ser obtenido por arrastre a vapor. Su aroma es dulce, fresco, c\u00edtrico y frutal.<\/span><\/p>\n<p>&nbsp;<\/p>\n<p><b>PROPIEDADES TERAP\u00c9UTICAS F\u00cdSICAS<\/b><\/p>\n<ul>\n<li aria-level=\"1\"><span style=\"font-weight: 400;\">Antis\u00e9ptico<\/span><\/li>\n<\/ul>\n<ul>\n<li aria-level=\"1\"><span style=\"font-weight: 400;\">Antiespasm\u00f3dico<\/span><\/li>\n<\/ul>\n<ul>\n<li aria-level=\"1\"><span style=\"font-weight: 400;\">Antiinflamatorio<\/span><\/li>\n<\/ul>\n<ul>\n<li aria-level=\"1\"><span style=\"font-weight: 400;\">Analg\u00e9sico<\/span><\/li>\n<\/ul>\n<ul>\n<li aria-level=\"1\"><span style=\"font-weight: 400;\">Tonifica el Sistema digestivo: \u00fatil en dispepsia y estre\u00f1imiento<\/span><\/li>\n<\/ul>\n<ul>\n<li aria-level=\"1\"><span style=\"font-weight: 400;\">Diur\u00e9tico: en caso de retenci\u00f3n de l\u00edquidos y obesidad; elimina toxinas. Act\u00faa favorablemente sobre vejiga y pr\u00f3stata.<\/span><\/li>\n<\/ul>\n<ul>\n<li aria-level=\"1\"><span style=\"font-weight: 400;\">Antidepresivo, relajante muscular y ansiol\u00edtico; incluyendo efectos secundarios como los dolores de cabeza, migra\u00f1as, insomnio, anorexia, etc.<\/span><\/li>\n<\/ul>\n<ul>\n<li style=\"list-style-type: none;\">\n<ul>\n<li style=\"font-weight: 400;\" aria-level=\"1\"><span style=\"font-weight: 400;\">Sedante<\/span><\/li>\n<\/ul>\n<\/li>\n<\/ul>\n<ul>\n<li aria-level=\"1\"><span style=\"font-weight: 400;\">Estimula el sistema linf\u00e1tico<\/span><\/li>\n<\/ul>\n<ul>\n<li aria-level=\"1\"><span style=\"font-weight: 400;\">Fortalece el sistema inmune favoreciendo la producci\u00f3n de gl\u00f3bulos blancos, disminuyendo resfriados, gripes y toda clase de virus respiratorios. Rica en vitamina C<\/span><\/li>\n<\/ul>\n<ul>\n<li aria-level=\"1\"><span style=\"font-weight: 400;\">Otorga un bienestar general, elevando el estado de \u00e1nimo controlando el estr\u00e9s y la ansiedad.<\/span><\/li>\n<\/ul>\n<ul>\n<li aria-level=\"1\"><span style=\"font-weight: 400;\">Usos dermatol\u00f3gicos: favorece dermatitis, acn\u00e9, irritaciones de piel seca.\u00a0 Promueve la producci\u00f3n de col\u00e1geno en la piel, combatiendo el envejecimiento y favoreciendo la hidrataci\u00f3n.<\/span><\/li>\n<\/ul>\n<ul>\n<li aria-level=\"1\"><span style=\"font-weight: 400;\">Los c\u00edtricos son fotosensibles; se debe tener cuidado con su uso durante el d\u00eda.<\/span><\/li>\n<\/ul>\n<p>&nbsp;<\/p>\n<p><b>PROPIEDADES TERAP\u00c9UTICAS ENERG\u00c9TICAS<\/b><\/p>\n<ul>\n<li aria-level=\"1\"><span style=\"font-weight: 400;\">Produce sensaciones de optimismo, entusiasmo, alegr\u00eda y felicidad.<\/span><\/li>\n<\/ul>\n<ul>\n<li aria-level=\"1\"><span style=\"font-weight: 400;\">El aceite esencial de naranja equilibra las emociones y act\u00faa como relajante o estimulante seg\u00fan lo requiera el organismo.\u00a0<\/span><\/li>\n<\/ul>\n<ul>\n<li aria-level=\"1\"><span style=\"font-weight: 400;\">Revitaliza en casos de tedio y letargo. Calma los nervios, combate la ansiedad<\/span><\/li>\n<\/ul>\n<ul>\n<li aria-level=\"1\"><span style=\"font-weight: 400;\">Calma el miedo a lo desconocido y alienta actitudes audaces.\u00a0<\/span><\/li>\n<\/ul>\n<ul>\n<li aria-level=\"1\"><span style=\"font-weight: 400;\">Fomenta un punto de vista m\u00e1s positivo y sustituye la tristeza por sensaciones de felicidad, levantando cualquier estado de \u00e1nimo y reconfortando el alma.<\/span><\/li>\n<\/ul>\n<ul>\n<li aria-level=\"1\"><span style=\"font-weight: 400;\">Suaviza los enojos y agresiones entre las personas.<\/span><\/li>\n<\/ul>\n<ul>\n<li aria-level=\"1\"><span style=\"font-weight: 400;\">Promueva una mejor forma de relacionarse con los dem\u00e1s.<\/span><\/li>\n<\/ul>\n<ul>\n<li aria-level=\"1\"><span style=\"font-weight: 400;\">Tambi\u00e9n disipa pensamientos depresivos y disminuye la tensi\u00f3n y el estr\u00e9s, estados relacionados con el s\u00edndrome premenstrual (SPM) o la menopausia.<\/span><\/li>\n<\/ul>\n<ul>\n<li aria-level=\"1\"><span style=\"font-weight: 400;\">Nos protege de nosotros mismos aplacando olas de enojo e irritaci\u00f3n.<\/span><\/li>\n<\/ul>\n<ul>\n<li aria-level=\"1\"><span style=\"font-weight: 400;\">Act\u00faa tambi\u00e9n como afrodisiaco<\/span><\/li>\n<\/ul>\n<ul>\n<li aria-level=\"1\"><span style=\"font-weight: 400;\">Apoya en procesos de adolescentes y ni\u00f1os irritables, nerviosos e intolerantes.<\/span><\/li>\n<\/ul>\n<p><b><\/b><br \/>\n<span style=\"font-weight: 400;\">\u00a0 \u00a0\u00a0<\/span><\/p>\n","protected":false},"excerpt":{"rendered":"<p><span style=\"font-weight: 400;\">Tonifica el sistema digestivo: \u00fatil en dispepsia y estre\u00f1imiento.\u00a0<\/span><span style=\"font-weight: 400;\">Calma el miedo a lo desconocido y alienta actitudes audaces.\u00a0<\/span><\/p>\n","protected":false},"featured_media":1012,"comment_status":"open","ping_status":"closed","template":"","meta":{"_monsterinsights_skip_tracking":false,"_monsterinsights_sitenote_active":false,"_monsterinsights_sitenote_note":"","_monsterinsights_sitenote_category":0,"_joinchat":[]},"product_brand":[],"product_cat":[27],"product_tag":[],"class_list":{"0":"post-1011","1":"product","2":"type-product","3":"status-publish","4":"has-post-thumbnail","6":"product_cat-aceites-esenciales","8":"first","9":"instock","10":"shipping-taxable","11":"purchasable","12":"product-type-simple"},"aioseo_notices":[],"_links":{"self":[{"href":"https:\/\/sietecolores.co\/index.php?rest_route=\/wp\/v2\/product\/1011","targetHints":{"allow":["GET"]}}],"collection":[{"href":"https:\/\/sietecolores.co\/index.php?rest_route=\/wp\/v2\/product"}],"about":[{"href":"https:\/\/sietecolores.co\/index.php?rest_route=\/wp\/v2\/types\/product"}],"replies":[{"embeddable":true,"href":"https:\/\/sietecolores.co\/index.php?rest_route=%2Fwp%2Fv2%2Fcomments&post=1011"}],"wp:featuredmedia":[{"embeddable":true,"href":"https:\/\/sietecolores.co\/index.php?rest_route=\/wp\/v2\/media\/1012"}],"wp:attachment":[{"href":"https:\/\/sietecolores.co\/index.php?rest_route=%2Fwp%2Fv2%2Fmedia&parent=1011"}],"wp:term":[{"taxonomy":"product_brand","embeddable":true,"href":"https:\/\/sietecolores.co\/index.php?rest_route=%2Fwp%2Fv2%2Fproduct_brand&post=1011"},{"taxonomy":"product_cat","embeddable":true,"href":"https:\/\/sietecolores.co\/index.php?rest_route=%2Fwp%2Fv2%2Fproduct_cat&post=1011"},{"taxonomy":"product_tag","embeddable":true,"href":"https:\/\/sietecolores.co\/index.php?rest_route=%2Fwp%2Fv2%2Fproduct_tag&post=1011"}],"curies":[{"name":"wp","href":"https:\/\/api.w.org\/{rel}","templated":true}]}}