{"id":1169,"date":"2024-12-09T18:42:40","date_gmt":"2024-12-09T18:42:40","guid":{"rendered":"https:\/\/sietecolores.co\/?post_type=product&#038;p=1169"},"modified":"2025-05-06T00:34:07","modified_gmt":"2025-05-06T00:34:07","slug":"ritual-para-tu-equilibrio","status":"publish","type":"product","link":"https:\/\/sietecolores.co\/?product=ritual-para-tu-equilibrio","title":{"rendered":"Ritual para tu Alivio"},"content":{"rendered":"<p>Esta caja kit contiene:<\/p>\n<p>Una vela, una bomba efervescente, un roll on y un jab\u00f3n artesanal. Todos estos productos est\u00e1n hechos con la mezcla siguiente mezcla de aceites:<\/p>\n<p>Alivio Celeste:<\/p>\n<p>Descubre en esta importante selecci\u00f3n de aceites esenciales energizados con cristales de sodalita, la mixtura necesaria para controlar los dolores, revitalizarte y encontrarte de nuevo con tu cuerpo sano.<\/p>\n<p>En consecuencia controla dolores como la migra\u00f1a, articulares y musculares. Siente un efecto analg\u00e9sico y relajante sin efectos secundarios.<\/p>\n<p>Principales componentes:<br \/>\n\u2013 Ylang Ylang, Eucalipto Menta, \u00c1rbol de t\u00e9, Romero, Cal\u00e9ndula, \u00c1rnica, Cannabis, Pronto Alivio, Or\u00e9gano, Jengibre, Winter Green, C\u00farcuma, Pimienta negra y cristales de Sodalita y Celestita.<\/p>\n","protected":false},"excerpt":{"rendered":"<p>Para el d\u00eda en que el cuerpo duele, el cuerpo est\u00e1 cansado y necesitas sentir de nuevo esa sensaci\u00f3n de alivio. Este ritual es una invitaci\u00f3n para hacerte cargo de tus dolores, de tu cuidado, de tu tranquilidad, y alivio.<\/p>\n","protected":false},"featured_media":1173,"comment_status":"open","ping_status":"closed","template":"","meta":{"_monsterinsights_skip_tracking":false,"_monsterinsights_sitenote_active":false,"_monsterinsights_sitenote_note":"","_monsterinsights_sitenote_category":0,"_joinchat":[]},"product_brand":[],"product_cat":[34,29,74,77],"product_tag":[],"class_list":{"0":"post-1169","1":"product","2":"type-product","3":"status-publish","4":"has-post-thumbnail","6":"product_cat-alivio-celeste","7":"product_cat-complementos","8":"product_cat-kits","9":"product_cat-kits-2","11":"first","12":"instock","13":"shipping-taxable","14":"purchasable","15":"product-type-simple"},"aioseo_notices":[],"_links":{"self":[{"href":"https:\/\/sietecolores.co\/index.php?rest_route=\/wp\/v2\/product\/1169","targetHints":{"allow":["GET"]}}],"collection":[{"href":"https:\/\/sietecolores.co\/index.php?rest_route=\/wp\/v2\/product"}],"about":[{"href":"https:\/\/sietecolores.co\/index.php?rest_route=\/wp\/v2\/types\/product"}],"replies":[{"embeddable":true,"href":"https:\/\/sietecolores.co\/index.php?rest_route=%2Fwp%2Fv2%2Fcomments&post=1169"}],"wp:featuredmedia":[{"embeddable":true,"href":"https:\/\/sietecolores.co\/index.php?rest_route=\/wp\/v2\/media\/1173"}],"wp:attachment":[{"href":"https:\/\/sietecolores.co\/index.php?rest_route=%2Fwp%2Fv2%2Fmedia&parent=1169"}],"wp:term":[{"taxonomy":"product_brand","embeddable":true,"href":"https:\/\/sietecolores.co\/index.php?rest_route=%2Fwp%2Fv2%2Fproduct_brand&post=1169"},{"taxonomy":"product_cat","embeddable":true,"href":"https:\/\/sietecolores.co\/index.php?rest_route=%2Fwp%2Fv2%2Fproduct_cat&post=1169"},{"taxonomy":"product_tag","embeddable":true,"href":"https:\/\/sietecolores.co\/index.php?rest_route=%2Fwp%2Fv2%2Fproduct_tag&post=1169"}],"curies":[{"name":"wp","href":"https:\/\/api.w.org\/{rel}","templated":true}]}}