{"id":1175,"date":"2024-12-09T19:00:30","date_gmt":"2024-12-09T19:00:30","guid":{"rendered":"https:\/\/sietecolores.co\/?post_type=product&#038;p=1175"},"modified":"2025-05-06T00:40:59","modified_gmt":"2025-05-06T00:40:59","slug":"ritual-para-tu-sueno","status":"publish","type":"product","link":"https:\/\/sietecolores.co\/?product=ritual-para-tu-sueno","title":{"rendered":"Ritual para tu Sue\u00f1o"},"content":{"rendered":"<p>Esta caja kit contiene:<\/p>\n<p>Una vela, una bomba efervescente, un roll on y un jab\u00f3n artesanal. Todos estos productos est\u00e1n hechos con la mezcla siguiente mezcla de aceites:<\/p>\n<p>Sue\u00f1o Violeta:<\/p>\n<p>Su prop\u00f3sito es inducir a un sue\u00f1o reparador y un completo descanso. Cuando duermes le entregas al universo tus sue\u00f1os y anhelos.<\/p>\n<p>Con Sue\u00f1o Violeta podr\u00e1s conectarte con lo que el universo tiene planeado para ti.<\/p>\n<p>Mezcla de Aceites esenciales de: Lavanda, Romero, Vainilla, Cedro, Mirra, Neroli, Jazm\u00edn, Cannabis.<\/p>\n","protected":false},"excerpt":{"rendered":"<p>Reserva una noche para t\u00ed, para tu descanso, para cuidar de tu tranquilidad, \u00a0y sue\u00f1o reparador.<\/p>\n<p>Este ritual es una invitaci\u00f3n para entrar en tus sue\u00f1os a trav\u00e9s de un descanso reparador y entregansdo al universo tus sue\u00f1os y deseos.<\/p>\n","protected":false},"featured_media":1176,"comment_status":"open","ping_status":"closed","template":"","meta":{"_monsterinsights_skip_tracking":false,"_monsterinsights_sitenote_active":false,"_monsterinsights_sitenote_note":"","_monsterinsights_sitenote_category":0,"_joinchat":[]},"product_brand":[],"product_cat":[27,29,74,25,35],"product_tag":[],"class_list":{"0":"post-1175","1":"product","2":"type-product","3":"status-publish","4":"has-post-thumbnail","6":"product_cat-aceites-esenciales","7":"product_cat-complementos","8":"product_cat-kits","9":"product_cat-propositos-maestros","10":"product_cat-sueno-violeta","12":"first","13":"instock","14":"shipping-taxable","15":"purchasable","16":"product-type-simple"},"aioseo_notices":[],"_links":{"self":[{"href":"https:\/\/sietecolores.co\/index.php?rest_route=\/wp\/v2\/product\/1175","targetHints":{"allow":["GET"]}}],"collection":[{"href":"https:\/\/sietecolores.co\/index.php?rest_route=\/wp\/v2\/product"}],"about":[{"href":"https:\/\/sietecolores.co\/index.php?rest_route=\/wp\/v2\/types\/product"}],"replies":[{"embeddable":true,"href":"https:\/\/sietecolores.co\/index.php?rest_route=%2Fwp%2Fv2%2Fcomments&post=1175"}],"wp:featuredmedia":[{"embeddable":true,"href":"https:\/\/sietecolores.co\/index.php?rest_route=\/wp\/v2\/media\/1176"}],"wp:attachment":[{"href":"https:\/\/sietecolores.co\/index.php?rest_route=%2Fwp%2Fv2%2Fmedia&parent=1175"}],"wp:term":[{"taxonomy":"product_brand","embeddable":true,"href":"https:\/\/sietecolores.co\/index.php?rest_route=%2Fwp%2Fv2%2Fproduct_brand&post=1175"},{"taxonomy":"product_cat","embeddable":true,"href":"https:\/\/sietecolores.co\/index.php?rest_route=%2Fwp%2Fv2%2Fproduct_cat&post=1175"},{"taxonomy":"product_tag","embeddable":true,"href":"https:\/\/sietecolores.co\/index.php?rest_route=%2Fwp%2Fv2%2Fproduct_tag&post=1175"}],"curies":[{"name":"wp","href":"https:\/\/api.w.org\/{rel}","templated":true}]}}