{"id":581,"date":"2023-10-31T22:16:38","date_gmt":"2023-10-31T22:16:38","guid":{"rendered":"https:\/\/sietecolores.co\/?product=aceite-vegetal-de-durazno-2"},"modified":"2023-11-25T01:57:48","modified_gmt":"2023-11-25T01:57:48","slug":"aceite-vegetal-de-durazno-2","status":"publish","type":"product","link":"https:\/\/sietecolores.co\/?product=aceite-vegetal-de-durazno-2","title":{"rendered":"ACEITE VEGETAL DE DURAZNO"},"content":{"rendered":"<p>(Prunus armeniaca o p\u00e9rsica)<\/p>\n<p>Orden: Rosales<br \/>\nFamilia: Rosaceas<br \/>\nG\u00e9nero: Prunus<br \/>\nEspecie: P. armeniaca<\/p>\n<p>&#8211; Es tonificante, nutritivo, hidratante, suavizante, revitalizante y calmante.<\/p>\n<p>&#8211; Prunus armeniaca com\u00fanmente llamado damasco o albaricoque.<\/p>\n<p>&#8211; En nuestro medio el durazno corresponde al Prunus p\u00e9rsica llamado melocot\u00f3n o nectarina.<\/p>\n<p>&#8211; Es un \u00e1rbol originario de Asia; de 3 a 6 metros de altura<\/p>\n<p>&#8211; Es extra\u00eddo por presi\u00f3n en frio de las almendras del hueso de la fruta.<\/p>\n<p>&#8211; Es rico en vitamina A, C, \u00e1cido linoleico y omega 6.<\/p>\n<p>&#8211; El aceite de durazno es tonificante, nutritivo, hidratante, suavizante, revitalizante y calmante.<\/p>\n<p>&#8211; Es un aceite de gran penetraci\u00f3n que se absorbe r\u00e1pidamente por piel aportando luz a las pieles apagadas y marchitas sin dejar sensaci\u00f3n grasosa sobre la piel. Se usa principalmente para cuidar zonas delicadas.<\/p>\n<p>&#8211; Ideal para uso en rostro y zonas sensibles.<\/p>\n<p>&#8211; Es excelente su uso en todo tipo de piel y la piel grasa lo tolera por su capacidad de absorci\u00f3n.<\/p>\n<p>&#8211; \u00datil en el cuidado de u\u00f1as y cut\u00edculas y en el cuidado de pesta\u00f1as y cejas.<\/p>\n<p>Clasificaci\u00f3n comedog\u00e9nica 2.<\/p>\n","protected":false},"excerpt":{"rendered":"<p>Es tonificante, nutritivo, hidratante, suavizante, revitalizante y calmante<\/p>\n","protected":false},"featured_media":159,"comment_status":"open","ping_status":"closed","template":"","meta":{"_monsterinsights_skip_tracking":false,"_monsterinsights_sitenote_active":false,"_monsterinsights_sitenote_note":"","_monsterinsights_sitenote_category":0,"_joinchat":[]},"product_brand":[],"product_cat":[21],"product_tag":[],"class_list":{"0":"post-581","1":"product","2":"type-product","3":"status-publish","4":"has-post-thumbnail","6":"product_cat-aceites-vegetales","8":"first","9":"onbackorder","10":"shipping-taxable","11":"purchasable","12":"product-type-simple"},"aioseo_notices":[],"_links":{"self":[{"href":"https:\/\/sietecolores.co\/index.php?rest_route=\/wp\/v2\/product\/581","targetHints":{"allow":["GET"]}}],"collection":[{"href":"https:\/\/sietecolores.co\/index.php?rest_route=\/wp\/v2\/product"}],"about":[{"href":"https:\/\/sietecolores.co\/index.php?rest_route=\/wp\/v2\/types\/product"}],"replies":[{"embeddable":true,"href":"https:\/\/sietecolores.co\/index.php?rest_route=%2Fwp%2Fv2%2Fcomments&post=581"}],"wp:featuredmedia":[{"embeddable":true,"href":"https:\/\/sietecolores.co\/index.php?rest_route=\/wp\/v2\/media\/159"}],"wp:attachment":[{"href":"https:\/\/sietecolores.co\/index.php?rest_route=%2Fwp%2Fv2%2Fmedia&parent=581"}],"wp:term":[{"taxonomy":"product_brand","embeddable":true,"href":"https:\/\/sietecolores.co\/index.php?rest_route=%2Fwp%2Fv2%2Fproduct_brand&post=581"},{"taxonomy":"product_cat","embeddable":true,"href":"https:\/\/sietecolores.co\/index.php?rest_route=%2Fwp%2Fv2%2Fproduct_cat&post=581"},{"taxonomy":"product_tag","embeddable":true,"href":"https:\/\/sietecolores.co\/index.php?rest_route=%2Fwp%2Fv2%2Fproduct_tag&post=581"}],"curies":[{"name":"wp","href":"https:\/\/api.w.org\/{rel}","templated":true}]}}