{"id":583,"date":"2023-10-31T22:16:39","date_gmt":"2023-10-31T22:16:39","guid":{"rendered":"https:\/\/sietecolores.co\/?product=aceite-vegetal-de-pepita-de-uva-2"},"modified":"2023-11-25T01:57:12","modified_gmt":"2023-11-25T01:57:12","slug":"aceite-vegetal-de-pepita-de-uva-2","status":"publish","type":"product","link":"https:\/\/sietecolores.co\/?product=aceite-vegetal-de-pepita-de-uva-2","title":{"rendered":"ACEITE VEGETAL DE PEPITA DE UVA"},"content":{"rendered":"<p>(Vitis Vinifera)<\/p>\n<p>Orden: Vitales<br \/>\nFamilia: Vitales<br \/>\nG\u00e9nero: Vitis<br \/>\nEspecie: V. Vin\u00edfera<\/p>\n<p>&#8211; Es un aceite ligeramente astringente por lo que da tono y firmeza a la piel y puede ser utilizado por pieles sensibles y congestionadas.<\/p>\n<p>&#8211; La vid o parra es una planta semile\u00f1osa y trepadora, cuyo fruto es la uva, de sus semillas se extrae el aceite vegetal de pepitas de uva.<\/p>\n<p>&#8211; Es originario de Asia y Europa, pero hoy crece en todos los climas templados.<\/p>\n<p>&#8211; El aceite se extrae por prensado en frio de las semillas o pepitas de la uva.<\/p>\n<p>&#8211; El aceite de las semillas de uva es un aceite con alto contenido de vitaminas, antioxidantes, omega 6, omega 9, beta carotenos que fortalecen la piel y le dan estabilidad disminuyendo la formaci\u00f3n de arrugas.<\/p>\n<p>&#8211; Aun que es un aceite que puede ser utilizado por todo tipo de pieles, por su capacidad astringente y sus excelentes propiedades sebo reguladoras, en tratamiento faciales el aceite de pepita de uva est\u00e1 especialmente indicado para tratar las pieles mixtas, grasas y acn\u00e9icas, es de r\u00e1pida absorci\u00f3n, no deja sensaci\u00f3n grasa y no es comedog\u00e9nico lo que significa que no obstruye el poro.<\/p>\n<p>&#8211; Es un aceite ligeramente astringente por lo que da tono y firmeza a la piel y puede ser utilizado por pieles sensibles y congestionadas. Adem\u00e1s, este aceite posee una gran cantidad de antioxidantes que act\u00faan de forma excepcional contra el envejecimiento celular y los radicales libres.<\/p>\n<p>&#8211; En tratamientos o de masaje, por su alto contenido en \u00e1cido linoleico, el aceite de pepita de uva es un magn\u00edfico humectante que deja la piel suave, tersa y nutrida sin dejar sensaci\u00f3n grasa. Penetra muy bien en la piel y estimula el sistema circulatorio y linf\u00e1tico, ayuda a liberar toxinas de nuestro cuerpo y favorece la disminuci\u00f3n de la celulitis. El gran aporte de antioxidantes le confiere propiedades que ayudan a combatir el envejecimiento celular y ayuda en la cicatrizaci\u00f3n de heridas.<\/p>\n<p>&#8211; Es usado despu\u00e9s de la exposici\u00f3n prolongada al sol por su efecto calmante.<\/p>\n<p>Clasificaci\u00f3n comedog\u00e9nica entre 1 y 2<\/p>\n","protected":false},"excerpt":{"rendered":"<p>Es un aceite ligeramente astringente por lo que da tono y firmeza a la piel y puede ser utilizado por pieles sensibles y congestionadas.<\/p>\n","protected":false},"featured_media":160,"comment_status":"open","ping_status":"closed","template":"","meta":{"_monsterinsights_skip_tracking":false,"_monsterinsights_sitenote_active":false,"_monsterinsights_sitenote_note":"","_monsterinsights_sitenote_category":0,"_joinchat":[]},"product_brand":[],"product_cat":[21],"product_tag":[],"class_list":{"0":"post-583","1":"product","2":"type-product","3":"status-publish","4":"has-post-thumbnail","6":"product_cat-aceites-vegetales","8":"first","9":"onbackorder","10":"shipping-taxable","11":"purchasable","12":"product-type-simple"},"aioseo_notices":[],"_links":{"self":[{"href":"https:\/\/sietecolores.co\/index.php?rest_route=\/wp\/v2\/product\/583","targetHints":{"allow":["GET"]}}],"collection":[{"href":"https:\/\/sietecolores.co\/index.php?rest_route=\/wp\/v2\/product"}],"about":[{"href":"https:\/\/sietecolores.co\/index.php?rest_route=\/wp\/v2\/types\/product"}],"replies":[{"embeddable":true,"href":"https:\/\/sietecolores.co\/index.php?rest_route=%2Fwp%2Fv2%2Fcomments&post=583"}],"wp:featuredmedia":[{"embeddable":true,"href":"https:\/\/sietecolores.co\/index.php?rest_route=\/wp\/v2\/media\/160"}],"wp:attachment":[{"href":"https:\/\/sietecolores.co\/index.php?rest_route=%2Fwp%2Fv2%2Fmedia&parent=583"}],"wp:term":[{"taxonomy":"product_brand","embeddable":true,"href":"https:\/\/sietecolores.co\/index.php?rest_route=%2Fwp%2Fv2%2Fproduct_brand&post=583"},{"taxonomy":"product_cat","embeddable":true,"href":"https:\/\/sietecolores.co\/index.php?rest_route=%2Fwp%2Fv2%2Fproduct_cat&post=583"},{"taxonomy":"product_tag","embeddable":true,"href":"https:\/\/sietecolores.co\/index.php?rest_route=%2Fwp%2Fv2%2Fproduct_tag&post=583"}],"curies":[{"name":"wp","href":"https:\/\/api.w.org\/{rel}","templated":true}]}}