{"id":586,"date":"2023-10-31T22:16:40","date_gmt":"2023-10-31T22:16:40","guid":{"rendered":"https:\/\/sietecolores.co\/?product=aceite-vegetal-de-sacha-inchi-2"},"modified":"2023-11-25T01:56:40","modified_gmt":"2023-11-25T01:56:40","slug":"aceite-vegetal-de-sacha-inchi-2","status":"publish","type":"product","link":"https:\/\/sietecolores.co\/?product=aceite-vegetal-de-sacha-inchi-2","title":{"rendered":"ACEITE VEGETAL DE SACHA INCHI"},"content":{"rendered":"<p>(Plukenetia volubilis)<\/p>\n<p>Orden: Malpighiales<br \/>\nFamilia: Euphorbiaceas<br \/>\nGenero: Plukenetia<br \/>\nEspecie: P.volubilis<\/p>\n<p>&#8211; Potente antiinflamatorio para dolencias como artritis, reumatismo y osteoporosis.<\/p>\n<p>&#8211; Planta hermafrodita, frondosa, fruto de color verde, marr\u00f3n al madurar, semillas de color marr\u00f3n oscuro. Tambi\u00e9n llamado man\u00ed del Inca, man\u00ed jibaro.<\/p>\n<p>&#8211; Es originario de la Amazonia peruana, colombiana y ecuatoriana; cultivada por los ind\u00edgenas por siglos; crece en climas c\u00e1lidos y templados.<\/p>\n<p>&#8211; El aceite vegetal se extrae por prensado en frio de sus semillas.<\/p>\n<p>&#8211; Es una planta rica en antioxidantes, vitamina A y vitamina E, altos \u00edndices de omega 3(m\u00e1s de 48%, omega 6( 36%) y omega 9 (8%). Adem\u00e1s de prote\u00ednas y amino\u00e1cidos<\/p>\n<p>&#8211; Siendo antinflamatorio se usa en dolencias como artritis, reumatismo y osteoporosis.<\/p>\n<p>&#8211; Adem\u00e1s, es efectivo en el cuidado de la piel y el cabello<\/p>\n<p>&#8211; Sus beneficios para la piel son capaces de reestructurar y proteger la piel, adem\u00e1s de las u\u00f1as y el cabello. Entre sus principales beneficios, mantienen hidratada la piel, sana y cuidada, evitando su deshidrataci\u00f3n contribuyendo a fortalecer y restaurar la barrera natural de la piel.<\/p>\n<p>&#8211; Est\u00e1 enfocado a pieles sensibles, deshidratadas, secas o que sufren de inflamaciones e irritaciones.<\/p>\n","protected":false},"excerpt":{"rendered":"<p>Potente antiinflamatorio para dolencias como artritis, reumatismo y osteoporosis.<\/p>\n","protected":false},"featured_media":163,"comment_status":"open","ping_status":"closed","template":"","meta":{"_monsterinsights_skip_tracking":false,"_monsterinsights_sitenote_active":false,"_monsterinsights_sitenote_note":"","_monsterinsights_sitenote_category":0,"_joinchat":[]},"product_brand":[],"product_cat":[21],"product_tag":[],"class_list":{"0":"post-586","1":"product","2":"type-product","3":"status-publish","4":"has-post-thumbnail","6":"product_cat-aceites-vegetales","8":"first","9":"onbackorder","10":"shipping-taxable","11":"purchasable","12":"product-type-simple"},"aioseo_notices":[],"_links":{"self":[{"href":"https:\/\/sietecolores.co\/index.php?rest_route=\/wp\/v2\/product\/586","targetHints":{"allow":["GET"]}}],"collection":[{"href":"https:\/\/sietecolores.co\/index.php?rest_route=\/wp\/v2\/product"}],"about":[{"href":"https:\/\/sietecolores.co\/index.php?rest_route=\/wp\/v2\/types\/product"}],"replies":[{"embeddable":true,"href":"https:\/\/sietecolores.co\/index.php?rest_route=%2Fwp%2Fv2%2Fcomments&post=586"}],"wp:featuredmedia":[{"embeddable":true,"href":"https:\/\/sietecolores.co\/index.php?rest_route=\/wp\/v2\/media\/163"}],"wp:attachment":[{"href":"https:\/\/sietecolores.co\/index.php?rest_route=%2Fwp%2Fv2%2Fmedia&parent=586"}],"wp:term":[{"taxonomy":"product_brand","embeddable":true,"href":"https:\/\/sietecolores.co\/index.php?rest_route=%2Fwp%2Fv2%2Fproduct_brand&post=586"},{"taxonomy":"product_cat","embeddable":true,"href":"https:\/\/sietecolores.co\/index.php?rest_route=%2Fwp%2Fv2%2Fproduct_cat&post=586"},{"taxonomy":"product_tag","embeddable":true,"href":"https:\/\/sietecolores.co\/index.php?rest_route=%2Fwp%2Fv2%2Fproduct_tag&post=586"}],"curies":[{"name":"wp","href":"https:\/\/api.w.org\/{rel}","templated":true}]}}