{"id":590,"date":"2023-10-31T22:16:41","date_gmt":"2023-10-31T22:16:41","guid":{"rendered":"https:\/\/sietecolores.co\/?product=cipres-2"},"modified":"2023-11-15T15:40:07","modified_gmt":"2023-11-15T15:40:07","slug":"cipres-2","status":"publish","type":"product","link":"https:\/\/sietecolores.co\/?product=cipres-2","title":{"rendered":"Cipr\u00e9s"},"content":{"rendered":"<p>FORTALEZA, CONSUELO Y FLEXIBILIDAD<\/p>\n<p>&#8211; Cipr\u00e9s com\u00fan o Cipr\u00e9s del Mediterr\u00e1neo; ya presente en todas las regiones del mundo. Puede llegar a ser muy longevo, existiendo ejemplares de m\u00e1s de 1.000 a\u00f1os. Es s\u00edmbolo ancestral de la inmortalidad; sempervirens significa que vive eternamente.<\/p>\n<p>&#8211; Se extrae por destilaci\u00f3n de arrastre a vapor de sus hojas, frutos y brotes tiernos. Su aceite esencial es incoloro amarillento y su aroma amaderado, dulce, le\u00f1oso y bals\u00e1mico y con ciertas pinceladas a especias.<\/p>\n<p>PROPIEDADES TERAP\u00c9UTICAS F\u00cdSICAS<\/p>\n<p>&#8211; Sistema respiratorio: act\u00faa como antibacteriano, sedante y descongestionante controlando tos espasm\u00f3dica, sensaci\u00f3n de opresi\u00f3n en el pecho, y todas las manifestaciones en la alteraci\u00f3n del sistema respiratorio<br \/>\n&#8211; Sistema linf\u00e1tico y Sistema circulatorio: desinflama y descongestiona, drenando el sistema linf\u00e1tico y circulatorio reduciendo la retenci\u00f3n de agua y relajando la musculatura mejorando calambres y espasmos musculares; estimulando la circulaci\u00f3n mejorando varices, hemorroides<br \/>\n&#8211; Regula el sistema hormonal femenino: Regula el flujo sangu\u00edneo ayudando a aliviar problemas menstruales; y es ayudante en procesos de menopausia y sudoraci\u00f3n excesiva.<br \/>\n&#8211; Sistema muscular: alivia calambres, contracturas, espasmos, artrosis, calambres menstruales<br \/>\n&#8211; Antimicrobiano<br \/>\n&#8211; Antitusivo y mucol\u00edtico.<br \/>\n&#8211; En la enuresis cuando no se puede controlar la orina; aplicar unas gotas en el abdomen<br \/>\n&#8211; Sistema muscular: alivia calambres, contracturas, espasmos, artrosis, calambres menstruales.<br \/>\n&#8211; Nervioso: es calmante y sedante<br \/>\n&#8211; Renal: act\u00faa como diur\u00e9tico eliminando toxinas y exceso de l\u00edquidos<br \/>\n&#8211; Hemost\u00e1tico: detiene el flujo de sangre y promueve la coagulaci\u00f3n cuando es necesario.<br \/>\n&#8211; Astringente: fortalece los tejidos y reduce celulitis<\/p>\n<p>PROPIEDADES TERAP\u00c9UTICAS ENERG\u00c9TICAS<\/p>\n<p>&#8211; El cipr\u00e9s representa la resurrecci\u00f3n y la transformaci\u00f3n psicol\u00f3gica y es s\u00edmbolo de inmortalidad<br \/>\n&#8211; Conecta el cielo con la tierra<br \/>\n&#8211; Se utiliza para activar el s\u00e9ptimo chacra o coronal<br \/>\n&#8211; Ayuda a la concentraci\u00f3n<br \/>\n&#8211; Activa la falta de voluntad siendo usado en las dependencias.<br \/>\n&#8211; Revitaliza controlando la debilidad y fatiga general.<br \/>\n&#8211; Cierra y ralentiza todo l\u00edquido que fluye sean f\u00edsicos o mentales por esto permite detenerte y ver lo esencial.<br \/>\n&#8211; Calma en momentos de dolor emocional, ira y tristeza; en momentos en que nuestro mundo interior se ve amenazado por los cambios y transiciones que provocan un sentimiento de p\u00e9rdida de la seguridad de la zona de confort.<br \/>\n&#8211; Recompone los pedazos rotos y seguir adelante.<br \/>\n&#8211; Da consuelo, fortaleza y flexibilidad en momentos que sobrepasan nuestros recursos.<br \/>\n&#8211; Proporciona coraje e integridad<br \/>\n&#8211; Puente espiritual entre el mundo f\u00edsico y el mundo astral<br \/>\n&#8211; Desarrolla la intuici\u00f3n<br \/>\n&#8211; Es el aceite de la longevidad<\/p>\n","protected":false},"excerpt":{"rendered":"<p>FORTALEZA, CONSUELO Y FLEXIBILIDAD. Desinflama y descongestiona, drenando el sistema linf\u00e1tico y circulatorio reduciendo la retenci\u00f3n de agua y relajando la musculatura mejorando calambres y espasmos musculares.<\/p>\n","protected":false},"featured_media":139,"comment_status":"open","ping_status":"closed","template":"","meta":{"_monsterinsights_skip_tracking":false,"_monsterinsights_sitenote_active":false,"_monsterinsights_sitenote_note":"","_monsterinsights_sitenote_category":0,"_joinchat":[]},"product_brand":[],"product_cat":[27],"product_tag":[],"class_list":{"0":"post-590","1":"product","2":"type-product","3":"status-publish","4":"has-post-thumbnail","6":"product_cat-aceites-esenciales","8":"first","9":"instock","10":"shipping-taxable","11":"purchasable","12":"product-type-simple"},"aioseo_notices":[],"_links":{"self":[{"href":"https:\/\/sietecolores.co\/index.php?rest_route=\/wp\/v2\/product\/590","targetHints":{"allow":["GET"]}}],"collection":[{"href":"https:\/\/sietecolores.co\/index.php?rest_route=\/wp\/v2\/product"}],"about":[{"href":"https:\/\/sietecolores.co\/index.php?rest_route=\/wp\/v2\/types\/product"}],"replies":[{"embeddable":true,"href":"https:\/\/sietecolores.co\/index.php?rest_route=%2Fwp%2Fv2%2Fcomments&post=590"}],"wp:featuredmedia":[{"embeddable":true,"href":"https:\/\/sietecolores.co\/index.php?rest_route=\/wp\/v2\/media\/139"}],"wp:attachment":[{"href":"https:\/\/sietecolores.co\/index.php?rest_route=%2Fwp%2Fv2%2Fmedia&parent=590"}],"wp:term":[{"taxonomy":"product_brand","embeddable":true,"href":"https:\/\/sietecolores.co\/index.php?rest_route=%2Fwp%2Fv2%2Fproduct_brand&post=590"},{"taxonomy":"product_cat","embeddable":true,"href":"https:\/\/sietecolores.co\/index.php?rest_route=%2Fwp%2Fv2%2Fproduct_cat&post=590"},{"taxonomy":"product_tag","embeddable":true,"href":"https:\/\/sietecolores.co\/index.php?rest_route=%2Fwp%2Fv2%2Fproduct_tag&post=590"}],"curies":[{"name":"wp","href":"https:\/\/api.w.org\/{rel}","templated":true}]}}