{"id":593,"date":"2023-10-31T22:16:42","date_gmt":"2023-10-31T22:16:42","guid":{"rendered":"https:\/\/sietecolores.co\/?product=citronela-2"},"modified":"2023-11-29T14:16:22","modified_gmt":"2023-11-29T14:16:22","slug":"citronela-2","status":"publish","type":"product","link":"https:\/\/sietecolores.co\/?product=citronela-2","title":{"rendered":"Citronela"},"content":{"rendered":"<p>(Cymbopogon nardus)<\/p>\n<p>RECUERDA LA INOCENCIA, EL VAC\u00cdO, EL ORIGEN. Extracci\u00f3n consciente no industrializada<\/p>\n<p>&#8211; La citronela es una gram\u00ednea originaria del sur de la India, muy cultivada en el sudeste asi\u00e1tico y en Latinoam\u00e9rica. Planta de clima templado.<\/p>\n<p>&#8211; El intenso aroma alimonado de la citronela o Cymbopogon nardus justifica plenamente el nombre con el que se conoce a esta planta, y tambi\u00e9n a la muy parecida hierba lim\u00f3n (Cymbopogon citratos), en ingl\u00e9s lemongrass. Son dos plantas diferentes que pertenecen a la misma familia y al mismo g\u00e9nero, pero de especie diferente; tienen caracter\u00edsticas y propiedades afines.<\/p>\n<p>&#8211; El aceite esencial se extrae por destilaci\u00f3n al vapor de las hojas y los tallos y es de color amarillo o marr\u00f3n. Y su aroma recuerda al lim\u00f3n con notas amaderadas, suave y dulce.<\/p>\n<p>PROPIEDADES TERAP\u00c9UTICAS F\u00cdSICAS<\/p>\n<p>&#8211; T\u00f3nico del Sistema digestivo<br \/>\n&#8211; Insecticida natural<br \/>\n&#8211; Analg\u00e9sico y antiinflamatorio<br \/>\n&#8211; Usos dermatol\u00f3gicos para problemas de la piel<br \/>\n&#8211; Relajantes<br \/>\n&#8211; Desintoxicante<br \/>\n&#8211; Puede reducir los niveles de \u00e1cido \u00farico<\/p>\n<p>PROPIEDADES TERAP\u00c9UTICAS ENERG\u00c9TICAS<\/p>\n<p>&#8211; Reconforta el coraz\u00f3n y potencia la felicidad.<br \/>\n&#8211; Aclara la mente<br \/>\n&#8211; Reconecta con el poder de la luna por su poder de conexi\u00f3n con las energ\u00edas del agua<br \/>\n&#8211; Fortalece la falta de confianza en uno mismo<br \/>\n&#8211; Aligera las cargas emocionales y transmite optimismo<br \/>\n&#8211; Nos provee esa sensaci\u00f3n de inocencia que te libera de culpas y cargas emocionales<\/p>\n<p>&nbsp;<\/p>\n","protected":false},"excerpt":{"rendered":"<p>RECUERDA LA INOCENCIA, EL VAC\u00cdO, EL ORIGEN. Extracci\u00f3n consciente no industrializada<\/p>\n<p>Puede reducir los niveles de \u00e1cido \u00farico. Reconforta el coraz\u00f3n y potencia la felicidad.<\/p>\n","protected":false},"featured_media":169,"comment_status":"open","ping_status":"closed","template":"","meta":{"_monsterinsights_skip_tracking":false,"_monsterinsights_sitenote_active":false,"_monsterinsights_sitenote_note":"","_monsterinsights_sitenote_category":0,"_joinchat":[]},"product_brand":[],"product_cat":[26],"product_tag":[],"class_list":{"0":"post-593","1":"product","2":"type-product","3":"status-publish","4":"has-post-thumbnail","6":"product_cat-aceites-sagrados","8":"first","9":"onbackorder","10":"shipping-taxable","11":"purchasable","12":"product-type-simple"},"aioseo_notices":[],"_links":{"self":[{"href":"https:\/\/sietecolores.co\/index.php?rest_route=\/wp\/v2\/product\/593","targetHints":{"allow":["GET"]}}],"collection":[{"href":"https:\/\/sietecolores.co\/index.php?rest_route=\/wp\/v2\/product"}],"about":[{"href":"https:\/\/sietecolores.co\/index.php?rest_route=\/wp\/v2\/types\/product"}],"replies":[{"embeddable":true,"href":"https:\/\/sietecolores.co\/index.php?rest_route=%2Fwp%2Fv2%2Fcomments&post=593"}],"wp:featuredmedia":[{"embeddable":true,"href":"https:\/\/sietecolores.co\/index.php?rest_route=\/wp\/v2\/media\/169"}],"wp:attachment":[{"href":"https:\/\/sietecolores.co\/index.php?rest_route=%2Fwp%2Fv2%2Fmedia&parent=593"}],"wp:term":[{"taxonomy":"product_brand","embeddable":true,"href":"https:\/\/sietecolores.co\/index.php?rest_route=%2Fwp%2Fv2%2Fproduct_brand&post=593"},{"taxonomy":"product_cat","embeddable":true,"href":"https:\/\/sietecolores.co\/index.php?rest_route=%2Fwp%2Fv2%2Fproduct_cat&post=593"},{"taxonomy":"product_tag","embeddable":true,"href":"https:\/\/sietecolores.co\/index.php?rest_route=%2Fwp%2Fv2%2Fproduct_tag&post=593"}],"curies":[{"name":"wp","href":"https:\/\/api.w.org\/{rel}","templated":true}]}}