{"id":601,"date":"2023-10-31T22:16:44","date_gmt":"2023-10-31T22:16:44","guid":{"rendered":"https:\/\/sietecolores.co\/?product=naranja-2"},"modified":"2023-11-23T19:12:19","modified_gmt":"2023-11-23T19:12:19","slug":"naranja-2","status":"publish","type":"product","link":"https:\/\/sietecolores.co\/?product=naranja-2","title":{"rendered":"Naranja"},"content":{"rendered":"<p>(Citrus Aurantium dulcis o Citrus sinensis)<\/p>\n<p>-FELICIDAD Y ENTUSIASMO. Extracci\u00f3n consciente no industrializada.<\/p>\n<p>&#8211; Aceite esencial extra\u00eddo por prensado en fr\u00edo de la c\u00e1scara del fruto. Aroma dulce ,fresco, c\u00edtrico y frutal<\/p>\n<p>PROPIEDADES TERAP\u00c9UTICAS F\u00cdSICAS<\/p>\n<p>&#8211; Antis\u00e9ptico<br \/>\n&#8211; Antiespasm\u00f3dico<br \/>\n&#8211; Antinflamatorio<br \/>\n&#8211; Analg\u00e9sico<br \/>\n&#8211; Tonifica el Sistema digestivo<br \/>\n&#8211; Diur\u00e9tico<br \/>\n&#8211; Act\u00faa favorablemente sobre vejiga y pr\u00f3stata.<br \/>\n&#8211; Antidepresivo y ansiol\u00edtico<br \/>\n&#8211; Relajante muscular<br \/>\n&#8211; Sedante<br \/>\n&#8211; Estimula el sistema linf\u00e1tico<br \/>\n&#8211; Fortalece el sistema inmune<br \/>\n&#8211; Rica en vitamina C<\/p>\n<p>Usos dermatol\u00f3gicos<\/p>\n<p>&#8211; Promueve la producci\u00f3n de col\u00e1geno en la piel, combatiendo el envejecimiento y favoreciendo la hidrataci\u00f3n<br \/>\n&#8211; Los c\u00edtricos son fotosensibles; se debe tener cuidado con su uso durante el d\u00eda<\/p>\n<p>PROPIEDADES TERAP\u00c9UTICAS ENERG\u00c9TICAS<\/p>\n<p>&#8211; Produce sensaciones de optimismo, entusiasmo, alegr\u00eda y felicidad<br \/>\n&#8211; El aceite esencial de naranja equilibra las emociones y act\u00faa como relajante o estimulante seg\u00fan lo requiera el organismo<br \/>\n&#8211; Revitaliza en casos de tedio y letargo<br \/>\n&#8211; Calma los nervios, combate la ansiedad<br \/>\n&#8211; Calma el miedo a lo desconocido y alienta actitudes audaces<br \/>\n&#8211; Suaviza los enojos y agresiones entre las personas<br \/>\n&#8211; Tambi\u00e9n disipa pensamientos depresivos y disminuye la tensi\u00f3n y el estr\u00e9s, estados relacionados con el s\u00edndrome premenstrual (SPM) o la menopausia.<br \/>\n&#8211; Nos protege de nosotros mismos aplacando olas de enojo e irritaci\u00f3n.<br \/>\n&#8211; Act\u00faa tambi\u00e9n como afrodisiaco<br \/>\n-Apoya en procesos de adolescentes y ni\u00f1os irritables, nerviosos e intolerantes<\/p>\n<p>&nbsp;<\/p>\n","protected":false},"excerpt":{"rendered":"<p>FELICIDAD Y ENTUSIASMO. Extracci\u00f3n consciente no industrializada.<\/p>\n<p>Promueve la producci\u00f3n de col\u00e1geno en la piel, combatiendo el envejecimiento y favoreciendo la hidrataci\u00f3n.<\/p>\n","protected":false},"featured_media":179,"comment_status":"open","ping_status":"closed","template":"","meta":{"_monsterinsights_skip_tracking":false,"_monsterinsights_sitenote_active":false,"_monsterinsights_sitenote_note":"","_monsterinsights_sitenote_category":0,"_joinchat":[]},"product_brand":[],"product_cat":[26],"product_tag":[],"class_list":{"0":"post-601","1":"product","2":"type-product","3":"status-publish","4":"has-post-thumbnail","6":"product_cat-aceites-sagrados","8":"first","9":"onbackorder","10":"shipping-taxable","11":"purchasable","12":"product-type-simple"},"aioseo_notices":[],"_links":{"self":[{"href":"https:\/\/sietecolores.co\/index.php?rest_route=\/wp\/v2\/product\/601","targetHints":{"allow":["GET"]}}],"collection":[{"href":"https:\/\/sietecolores.co\/index.php?rest_route=\/wp\/v2\/product"}],"about":[{"href":"https:\/\/sietecolores.co\/index.php?rest_route=\/wp\/v2\/types\/product"}],"replies":[{"embeddable":true,"href":"https:\/\/sietecolores.co\/index.php?rest_route=%2Fwp%2Fv2%2Fcomments&post=601"}],"wp:featuredmedia":[{"embeddable":true,"href":"https:\/\/sietecolores.co\/index.php?rest_route=\/wp\/v2\/media\/179"}],"wp:attachment":[{"href":"https:\/\/sietecolores.co\/index.php?rest_route=%2Fwp%2Fv2%2Fmedia&parent=601"}],"wp:term":[{"taxonomy":"product_brand","embeddable":true,"href":"https:\/\/sietecolores.co\/index.php?rest_route=%2Fwp%2Fv2%2Fproduct_brand&post=601"},{"taxonomy":"product_cat","embeddable":true,"href":"https:\/\/sietecolores.co\/index.php?rest_route=%2Fwp%2Fv2%2Fproduct_cat&post=601"},{"taxonomy":"product_tag","embeddable":true,"href":"https:\/\/sietecolores.co\/index.php?rest_route=%2Fwp%2Fv2%2Fproduct_tag&post=601"}],"curies":[{"name":"wp","href":"https:\/\/api.w.org\/{rel}","templated":true}]}}