{"id":608,"date":"2023-10-31T22:16:47","date_gmt":"2023-10-31T22:16:47","guid":{"rendered":"https:\/\/sietecolores.co\/?product=pino-azul-de-paramo-2"},"modified":"2023-11-23T19:11:48","modified_gmt":"2023-11-23T19:11:48","slug":"pino-azul-de-paramo-2","status":"publish","type":"product","link":"https:\/\/sietecolores.co\/?product=pino-azul-de-paramo-2","title":{"rendered":"Pino Azul de P\u00e1ramo"},"content":{"rendered":"<p>(Chamaecyparis lawsoniana)<\/p>\n<p>&#8211; FORTALEZA, CONSUELO Y FLEXIBILIDAD. Extracci\u00f3n consciente no industrializada.<\/p>\n<p>&#8211; Este \u00e1rbol parece tener su origen en Europa y ampliamente difundido en Am\u00e9rica. Tambi\u00e9n es llamado Falso Cipr\u00e9s, Alumii, Pino Silvestre Gris. Longevidad superior a los 150 a\u00f1os.<\/p>\n<p>&#8211; Es un arbol bajo que pueden llegar a los 150 a\u00f1os. Su madera es muy arom\u00e1tica.<\/p>\n<p>&#8211; El aceite esencial se extrae por destilaci\u00f3n al vapor de sus hojas y sus frutos, es de color verdoso y tiene un fresco aroma ligeramente ligero y amaderado. Su tono ligeramente dulce y bals\u00e1mico, le a\u00f1ade una nota masculina.<\/p>\n<p>PROPIEDADES TERAP\u00c9UTICAS F\u00cdSICAS<\/p>\n<p>&#8211; Act\u00faa sobre los sistemas org\u00e1nicos que se ven alterados por la ira, el dolor, y la tristeza asociados con la transici\u00f3n, los cambios y la perdida; como son: el sistema respiratorio (pulm\u00f3n), sistema reproductor, el h\u00edgado, el sistema muscular y el sistema linf\u00e1tico.<br \/>\n&#8211; Respiratorio: act\u00faa como antibacteriano, sedante y descongestionante<br \/>\n&#8211; Renal: act\u00faa como diur\u00e9tico eliminando toxinas y exceso de l\u00edquidos.<br \/>\n&#8211; Antibacteriano<br \/>\n&#8211; Analg\u00e9sico<br \/>\n&#8211; Antis\u00e9ptico<br \/>\n&#8211; Desintoxica el h\u00edgado<br \/>\n&#8211; Drena el Sistema linf\u00e1tico<br \/>\n&#8211; Estimula la circulaci\u00f3n<br \/>\n&#8211; Regula el sistema hormonal femenino<br \/>\n&#8211; Astringente<br \/>\n&#8211; Calmante y sedante del sistema nervioso<\/p>\n<p>PROPIEDADES TERAP\u00c9UTAS ENEG\u00c9TICAS<\/p>\n<p>&#8211; El cipr\u00e9s representa la resurrecci\u00f3n y la transformaci\u00f3n psicol\u00f3gica y es s\u00edmbolo de inmortalidad.<br \/>\n&#8211; Es un \u00e1rbol que conecta el cielo con la tierra<br \/>\n&#8211; Activa la falta de voluntad siendo usado en las dependencias.<br \/>\n&#8211; Revitaliza controlando la debilidad y fatiga general.<br \/>\n&#8211; Calma en momentos de dolor emocional, ira y tristeza; en momentos en que nuestro mundo interior se ve amenazado por los cambios y transiciones que provocan un sentimiento de p\u00e9rdida de la seguridad de la zona de confort.<br \/>\n&#8211; Ayuda a recomponer los pedazos rotos y seguir adelante.<br \/>\n&#8211; Da consuelo, fortaleza y flexibilidad en momentos que sobrepasan nuestros recursos.<br \/>\n&#8211; Puente espiritual entre el mundo f\u00edsico y el mundo astral<br \/>\n&#8211; Desarrolla la intuici\u00f3n<br \/>\n&#8211; Es el aceite de la longevidad y la protecci\u00f3n<\/p>\n<p>&nbsp;<\/p>\n","protected":false},"excerpt":{"rendered":"<p>FORTALEZA, CONSUELO Y FLEXIBILIDAD. Extracci\u00f3n consciente no industrializada.<\/p>\n<p>Calmante y sedante del sistema nervioso. Es el aceite de la longevidad y la protecci\u00f3n<\/p>\n","protected":false},"featured_media":183,"comment_status":"open","ping_status":"closed","template":"","meta":{"_monsterinsights_skip_tracking":false,"_monsterinsights_sitenote_active":false,"_monsterinsights_sitenote_note":"","_monsterinsights_sitenote_category":0,"_joinchat":[]},"product_brand":[],"product_cat":[26],"product_tag":[],"class_list":{"0":"post-608","1":"product","2":"type-product","3":"status-publish","4":"has-post-thumbnail","6":"product_cat-aceites-sagrados","8":"first","9":"onbackorder","10":"shipping-taxable","11":"purchasable","12":"product-type-simple"},"aioseo_notices":[],"_links":{"self":[{"href":"https:\/\/sietecolores.co\/index.php?rest_route=\/wp\/v2\/product\/608","targetHints":{"allow":["GET"]}}],"collection":[{"href":"https:\/\/sietecolores.co\/index.php?rest_route=\/wp\/v2\/product"}],"about":[{"href":"https:\/\/sietecolores.co\/index.php?rest_route=\/wp\/v2\/types\/product"}],"replies":[{"embeddable":true,"href":"https:\/\/sietecolores.co\/index.php?rest_route=%2Fwp%2Fv2%2Fcomments&post=608"}],"wp:featuredmedia":[{"embeddable":true,"href":"https:\/\/sietecolores.co\/index.php?rest_route=\/wp\/v2\/media\/183"}],"wp:attachment":[{"href":"https:\/\/sietecolores.co\/index.php?rest_route=%2Fwp%2Fv2%2Fmedia&parent=608"}],"wp:term":[{"taxonomy":"product_brand","embeddable":true,"href":"https:\/\/sietecolores.co\/index.php?rest_route=%2Fwp%2Fv2%2Fproduct_brand&post=608"},{"taxonomy":"product_cat","embeddable":true,"href":"https:\/\/sietecolores.co\/index.php?rest_route=%2Fwp%2Fv2%2Fproduct_cat&post=608"},{"taxonomy":"product_tag","embeddable":true,"href":"https:\/\/sietecolores.co\/index.php?rest_route=%2Fwp%2Fv2%2Fproduct_tag&post=608"}],"curies":[{"name":"wp","href":"https:\/\/api.w.org\/{rel}","templated":true}]}}