{"id":623,"date":"2023-10-31T22:16:51","date_gmt":"2023-10-31T22:16:51","guid":{"rendered":"https:\/\/sietecolores.co\/?product=aceite-esencial-vitalidad-granate"},"modified":"2023-11-07T17:25:06","modified_gmt":"2023-11-07T17:25:06","slug":"aceite-esencial-vitalidad-granate","status":"publish","type":"product","link":"https:\/\/sietecolores.co\/?product=aceite-esencial-vitalidad-granate","title":{"rendered":"Aceite Esencial \u2013 Vitalidad Granate"},"content":{"rendered":"<p>Te dar\u00e1 la energ\u00eda y la concentraci\u00f3n que requieres para rendir de manera efectiva en tus actividades diarias. No est\u00e1 mezclado con ning\u00fan aceite vegetal, son solo la mezcla de aceites esenciales.<\/p>\n<p>Puede ser mezclado de acuerdo a la necesidad con un aceite vegetal en masajes. Puede ser usado puro en puntos energ\u00e9ticos. Tambi\u00e9n puede usarse en difusores o nebulizadores. Es ideal para terapeutas.<\/p>\n<p>La fusi\u00f3n de estos aceites esenciales y la energ\u00eda del cristal de Jaspe rojo, te dar\u00e1n la energ\u00eda y la concentraci\u00f3n que requieres para rendir de manera efectiva en tus actividades diarias.<\/p>\n<p>Aumenta tu energ\u00eda y tu enfoque y permite que aumente adem\u00e1s tu concentraci\u00f3n. Con\u00e9ctate de manera consiente con el universo y deja que se desvanezcan tus miedos y dudas.<\/p>\n<p>Reactiva las fibras interiores de tu ser y transf\u00f3rmalas en una malla energ\u00e9tica que se nutre de todo lo que el universo nos ofrece.<\/p>\n<p>Permite que tus chacras se recarguen de la energ\u00eda vital para mantener tu cuerpo en \u00f3ptimas condiciones y \u00e9ste pueda ser el veh\u00edculo de tus experiencias en el plano f\u00edsico, para lograr de manera arm\u00f3nica, los aprendizajes que como almas eternas, debemos tener.<\/p>\n<p>Uso y aplicaci\u00f3n:<\/p>\n<p>&#8211; T\u00f3pico. Inhalaci\u00f3n.<br \/>\n&#8211; Aplica sobre las sienes, cuello, detr\u00e1s de las orejas, entrecejo y coronilla.<\/p>\n<p>Modo de extracci\u00f3n:<\/p>\n<p>&#8211; Destilaci\u00f3n o extracci\u00f3n por arrastre de vapor.<\/p>\n<p>Presentaci\u00f3n:<\/p>\n<p>&#8211; Aceite Prop\u00f3sito Maestro x 5 ml<br \/>\n&#8211; En una botellita de 5 ml, con gotero dosificador podr\u00e1s portar esta mezcla con prop\u00f3sito superior, para aplicar la cantidad necesaria sobre tus manos y disfrutar de la energ\u00eda de esta mezcla especial.<\/p>\n<p>Otras Presentaciones:<\/p>\n<p>&#8211; Intenso Roll-On Prop\u00f3sito Maestro x 10 ml<br \/>\n&#8211; Difusor Esencia Ambiente Prop\u00f3sito Maestro x 70 ml<br \/>\n&#8211; Aceite Corporal Prop\u00f3sito Maestro x 30 ml<br \/>\n&#8211; Bruma Prop\u00f3sito Maestro x 30 ml<\/p>\n<p>Recomendaciones:<\/p>\n<p>&#8211; No lo ingieras o pongas en contacto con los ojos u otras mucosas. Mantenlo fuera del alcance de los ni\u00f1os.<\/p>\n","protected":false},"excerpt":{"rendered":"<p>Te dar\u00e1 la energ\u00eda y la concentraci\u00f3n que requieres para rendir de manera efectiva en tus actividades diarias. No est\u00e1 mezclado con ning\u00fan aceite vegetal, son solo la mezcla de aceites esenciales.<br \/>\nPuede ser mezclado de acuerdo a la necesidad con un aceite vegetal en masajes. Puede ser usado puro en puntos energ\u00e9ticos. Tambi\u00e9n puede usarse en difusores o nebulizadores. Es ideal para terapeutas.<\/p>\n","protected":false},"featured_media":219,"comment_status":"open","ping_status":"closed","template":"","meta":{"_monsterinsights_skip_tracking":false,"_monsterinsights_sitenote_active":false,"_monsterinsights_sitenote_note":"","_monsterinsights_sitenote_category":0,"_joinchat":[]},"product_brand":[],"product_cat":[42,25,37],"product_tag":[],"class_list":{"0":"post-623","1":"product","2":"type-product","3":"status-publish","4":"has-post-thumbnail","6":"product_cat-aceites-maestros","7":"product_cat-propositos-maestros","8":"product_cat-vitalidad-granate","10":"first","11":"instock","12":"shipping-taxable","13":"purchasable","14":"product-type-simple"},"aioseo_notices":[],"_links":{"self":[{"href":"https:\/\/sietecolores.co\/index.php?rest_route=\/wp\/v2\/product\/623","targetHints":{"allow":["GET"]}}],"collection":[{"href":"https:\/\/sietecolores.co\/index.php?rest_route=\/wp\/v2\/product"}],"about":[{"href":"https:\/\/sietecolores.co\/index.php?rest_route=\/wp\/v2\/types\/product"}],"replies":[{"embeddable":true,"href":"https:\/\/sietecolores.co\/index.php?rest_route=%2Fwp%2Fv2%2Fcomments&post=623"}],"wp:featuredmedia":[{"embeddable":true,"href":"https:\/\/sietecolores.co\/index.php?rest_route=\/wp\/v2\/media\/219"}],"wp:attachment":[{"href":"https:\/\/sietecolores.co\/index.php?rest_route=%2Fwp%2Fv2%2Fmedia&parent=623"}],"wp:term":[{"taxonomy":"product_brand","embeddable":true,"href":"https:\/\/sietecolores.co\/index.php?rest_route=%2Fwp%2Fv2%2Fproduct_brand&post=623"},{"taxonomy":"product_cat","embeddable":true,"href":"https:\/\/sietecolores.co\/index.php?rest_route=%2Fwp%2Fv2%2Fproduct_cat&post=623"},{"taxonomy":"product_tag","embeddable":true,"href":"https:\/\/sietecolores.co\/index.php?rest_route=%2Fwp%2Fv2%2Fproduct_tag&post=623"}],"curies":[{"name":"wp","href":"https:\/\/api.w.org\/{rel}","templated":true}]}}