{"id":625,"date":"2023-10-31T22:16:52","date_gmt":"2023-10-31T22:16:52","guid":{"rendered":"https:\/\/sietecolores.co\/?product=bruma-equilibrio-ambar"},"modified":"2023-12-07T16:21:41","modified_gmt":"2023-12-07T16:21:41","slug":"bruma-equilibrio-ambar","status":"publish","type":"product","link":"https:\/\/sietecolores.co\/?product=bruma-equilibrio-ambar","title":{"rendered":"Bruma \u2013 Equilibrio Ambar"},"content":{"rendered":"<p>Controla ansiedades, depresiones, fobias y adicciones.<\/p>\n<p>&#8211; La bruma de Siete Colores es un producto dise\u00f1ado en alcohol de uso cosm\u00e9tico y agua desionizada para ser usado en ambientes y espacios por su poder de aspersi\u00f3n, en mascotas, en ropa de cama, en veh\u00edculos, en el cuerpo o sobre joyer\u00eda arom\u00e1tica.<\/p>\n<p>La poderosa combinaci\u00f3n de los aceites esenciales seleccionados para este prop\u00f3sito, energizados con cristales de Obsidiana, brindan el equilibrio que tu cuerpo y mente necesitan para sentirse en armon\u00eda y estabilidad, elevando tu conciencia, disminuyendo tus niveles de ansiedad y los altibajos emocionales.<\/p>\n<p>Controla ansiedades, depresiones, fobias y adicciones. Perfecto para ser usado en ambientes y espacios por su poder de aspersi\u00f3n, en mascotas, en ropa de cama, en veh\u00edculos, en el cuerpo o sobre joyer\u00eda arom\u00e1tica.<\/p>\n<p>-Expande tu consciencia, estabiliza tu plexo solar controlando tu ansiedad y tus emociones permitiendo una relaci\u00f3n arm\u00f3nica con tu entorno.<\/p>\n<p>Principales componentes:<\/p>\n<p>Salvia, Rosa, Bergamota, Naranja, Limoncillo, Ylang Ylang, Romero, Jazm\u00edn, Patchouli, Incienso, Albahaca, \u00c1rbol de t\u00e9, S\u00e1ndalo, Neroli, An\u00eds, C\u00farcuma, Tomillo, Vainilla, Mirra, Cipr\u00e9s Eucalipto.<\/p>\n<p>Usos:<\/p>\n<p>T\u00f3pico. Inhalaci\u00f3n.<br \/>\nAplica sobre las sienes, cuello, detr\u00e1s de las orejas, entrecejo y coronilla.<br \/>\nA trav\u00e9s del masaje corporal, la inhalaci\u00f3n o la aplicaci\u00f3n en puntos energ\u00e9ticos, reconforta y te da una sensaci\u00f3n de bienestar y tranquilidad. Ayuda a armonizar el tercer chakra o plexo solar como punto vital.<\/p>\n<p>Te recomendamos usar Equilibrio \u00c1mbar en el centro energ\u00e9tico de tu cuerpo, alrededor del ombligo.<\/p>\n<p>Aroma:<\/p>\n<p>Resinoso, dulce, profundo y le\u00f1oso.<\/p>\n<p>Modo de extracci\u00f3n:<\/p>\n<p>Destilaci\u00f3n o extracci\u00f3n por arrastre de vapor.<\/p>\n<p>Presentaci\u00f3n:<\/p>\n<p>Bruma Prop\u00f3sito Maestro x 30 ml.<br \/>\nBruma Siete Colores es un producto elaborado a base de agua desionizada, alcohol de uso cosm\u00e9tico y aceites esenciales. Un solo toque, permitir\u00e1 que diminutas part\u00edculas se esparzan por tus ambientes d\u00e1ndoles un suave y refrescante aroma que te dejar\u00e1 sentir la energ\u00eda renovadora y vital de las plantas, despertando tus sentidos<\/p>\n<p>Otras Presentaciones:<\/p>\n<p>Intenso Roll-On x 10ml<br \/>\nAceite Prop\u00f3sito Maestro x 5 ml<br \/>\nEsencia Ambiente x 70 ml<br \/>\nAceite Corporal x 30 ml<br \/>\nBruma x30 ml<\/p>\n<p>Recomendaciones:<\/p>\n<p>No lo ingieras o pongas en contacto con los ojos u otras mucosas. Mantenlo fuera del alcance de los ni\u00f1os.<\/p>\n","protected":false},"excerpt":{"rendered":"<p>Controla ansiedades, depresiones, fobias y adicciones. Perfecto para ser usado en ambientes y espacios por su poder de aspersi\u00f3n, en mascotas, en ropa de cama, en veh\u00edculos, en el cuerpo o sobre joyer\u00eda arom\u00e1tica.<\/p>\n","protected":false},"featured_media":201,"comment_status":"open","ping_status":"closed","template":"","meta":{"_monsterinsights_skip_tracking":false,"_monsterinsights_sitenote_active":false,"_monsterinsights_sitenote_note":"","_monsterinsights_sitenote_category":0,"_joinchat":[]},"product_brand":[],"product_cat":[41,36,25],"product_tag":[],"class_list":{"0":"post-625","1":"product","2":"type-product","3":"status-publish","4":"has-post-thumbnail","6":"product_cat-bruma","7":"product_cat-equilibrio-ambar","8":"product_cat-propositos-maestros","10":"first","11":"onbackorder","12":"shipping-taxable","13":"purchasable","14":"product-type-simple"},"aioseo_notices":[],"_links":{"self":[{"href":"https:\/\/sietecolores.co\/index.php?rest_route=\/wp\/v2\/product\/625","targetHints":{"allow":["GET"]}}],"collection":[{"href":"https:\/\/sietecolores.co\/index.php?rest_route=\/wp\/v2\/product"}],"about":[{"href":"https:\/\/sietecolores.co\/index.php?rest_route=\/wp\/v2\/types\/product"}],"replies":[{"embeddable":true,"href":"https:\/\/sietecolores.co\/index.php?rest_route=%2Fwp%2Fv2%2Fcomments&post=625"}],"wp:featuredmedia":[{"embeddable":true,"href":"https:\/\/sietecolores.co\/index.php?rest_route=\/wp\/v2\/media\/201"}],"wp:attachment":[{"href":"https:\/\/sietecolores.co\/index.php?rest_route=%2Fwp%2Fv2%2Fmedia&parent=625"}],"wp:term":[{"taxonomy":"product_brand","embeddable":true,"href":"https:\/\/sietecolores.co\/index.php?rest_route=%2Fwp%2Fv2%2Fproduct_brand&post=625"},{"taxonomy":"product_cat","embeddable":true,"href":"https:\/\/sietecolores.co\/index.php?rest_route=%2Fwp%2Fv2%2Fproduct_cat&post=625"},{"taxonomy":"product_tag","embeddable":true,"href":"https:\/\/sietecolores.co\/index.php?rest_route=%2Fwp%2Fv2%2Fproduct_tag&post=625"}],"curies":[{"name":"wp","href":"https:\/\/api.w.org\/{rel}","templated":true}]}}