{"id":634,"date":"2023-10-31T22:16:54","date_gmt":"2023-10-31T22:16:54","guid":{"rendered":"https:\/\/sietecolores.co\/?product=roll-on-intenso-plenitud-rosa"},"modified":"2024-12-17T00:03:37","modified_gmt":"2024-12-17T00:03:37","slug":"roll-on-intenso-plenitud-rosa","status":"publish","type":"product","link":"https:\/\/sietecolores.co\/?product=roll-on-intenso-plenitud-rosa","title":{"rendered":"Roll-on Intenso \u2013 Plenitud Rosa"},"content":{"rendered":"<p>&#8211; Esta delicada uni\u00f3n de esencias te brinda la capacidad de reconstruir tu amor propio e impulsar tus pasos hacia la felicidad y la plenitud con tu ser interior. Perfecto para llevar a todas partes y aplicar en cualquier momento.<\/p>\n<p>&#8211; Es un aceite m\u00e1s concentrado para usar en puntos energ\u00e9ticos de acuerdo al prop\u00f3sito: alas de la nariz, entrecejo, sienes, detr\u00e1s de las orejas, interior de codos, mu\u00f1ecas, rodillas y tobillos, en puntos f\u00edsicos de chacras como coronilla, entrecejo, garganta a nivel de tiroides, centro de estern\u00f3n coraz\u00f3n, plexo solar arriba del ombligo, chacra 2 abajo del ombligo.<\/p>\n<p>&#8211; Es un aceite cuyo aceite vehicular y portador vegetal es el Aceite de Aguacate, es un aceite m\u00e1s denso que se localiza y permanece por m\u00e1s tiempo para permitir a los aceites esenciales su acci\u00f3n.<\/p>\n<p>&#8211; Inspirada en la felicidad, la suavidad y la fortaleza, esta delicada uni\u00f3n de esencias te brinda la capacidad de reconstruir tu amor propio e impulsar tus pasos hacia la felicidad y la plenitud con tu ser interior. Energizado con cristales de Cuarzo Rosa.<\/p>\n<p>Principales componentes:<\/p>\n<p>&#8211; Geranio, Vainilla, Lim\u00f3n, Rosa, Neroli, An\u00eds, Gardenia.<\/p>\n<p>Uso y aplicaci\u00f3n:<\/p>\n<p>&#8211; T\u00f3pico. Inhalaci\u00f3n.<br \/>\n&#8211; Aplica sobre las sienes, cuello, detr\u00e1s de las orejas, entrecejo y coronilla.<\/p>\n<p>Aroma:<\/p>\n<p>&#8211; Suave dulzura floral, con toques \u00e1cidos.<\/p>\n<p>Modo de extracci\u00f3n:<\/p>\n<p>&#8211; Destilaci\u00f3n o extracci\u00f3n por arrastre de vapor.<\/p>\n<p>Presentaci\u00f3n:<br \/>\n&#8211; Intenso Roll-On Prop\u00f3sito Maestro x 10 ml<\/p>\n<p>&#8211; Con una alta concentraci\u00f3n de los aceites seleccionados, la presentaci\u00f3n roll-on te permitir\u00e1 disfrutar de una mezcla intensa y con mayor densidad, que podr\u00e1s aplicar de manera f\u00e1cil y sin riesgo de derrames, en los puntos energ\u00e9ticos de tu cuerpo.<\/p>\n<p>Otras Presentaciones:<br \/>\nAceite Prop\u00f3sito Maestro x 5 ml<br \/>\nEsencia Ambiente x 70 ml<br \/>\nAceite Corporal x 30 ml<br \/>\nBruma x30 ml<\/p>\n<p>Recomendaciones:<\/p>\n<p>&#8211; No lo ingieras o pongas en contacto con los ojos u otras mucosas. Mantenlo fuera del alcance de los ni\u00f1os.<\/p>\n","protected":false},"excerpt":{"rendered":"<p>Esta delicada uni\u00f3n de esencias te brinda la capacidad de reconstruir tu amor propio e impulsar tus pasos hacia la felicidad y la plenitud con tu ser interior. Perfecto para llevar a todas partes y aplicar en cualquier momento.<\/p>\n","protected":false},"featured_media":224,"comment_status":"open","ping_status":"closed","template":"","meta":{"_monsterinsights_skip_tracking":false,"_monsterinsights_sitenote_active":false,"_monsterinsights_sitenote_note":"","_monsterinsights_sitenote_category":0,"_joinchat":[]},"product_brand":[],"product_cat":[38,25,39],"product_tag":[],"class_list":{"0":"post-634","1":"product","2":"type-product","3":"status-publish","4":"has-post-thumbnail","6":"product_cat-plenitud-rosa","7":"product_cat-propositos-maestros","8":"product_cat-roll-on-intenso","10":"first","11":"instock","12":"purchasable","13":"product-type-simple"},"aioseo_notices":[],"_links":{"self":[{"href":"https:\/\/sietecolores.co\/index.php?rest_route=\/wp\/v2\/product\/634","targetHints":{"allow":["GET"]}}],"collection":[{"href":"https:\/\/sietecolores.co\/index.php?rest_route=\/wp\/v2\/product"}],"about":[{"href":"https:\/\/sietecolores.co\/index.php?rest_route=\/wp\/v2\/types\/product"}],"replies":[{"embeddable":true,"href":"https:\/\/sietecolores.co\/index.php?rest_route=%2Fwp%2Fv2%2Fcomments&post=634"}],"wp:featuredmedia":[{"embeddable":true,"href":"https:\/\/sietecolores.co\/index.php?rest_route=\/wp\/v2\/media\/224"}],"wp:attachment":[{"href":"https:\/\/sietecolores.co\/index.php?rest_route=%2Fwp%2Fv2%2Fmedia&parent=634"}],"wp:term":[{"taxonomy":"product_brand","embeddable":true,"href":"https:\/\/sietecolores.co\/index.php?rest_route=%2Fwp%2Fv2%2Fproduct_brand&post=634"},{"taxonomy":"product_cat","embeddable":true,"href":"https:\/\/sietecolores.co\/index.php?rest_route=%2Fwp%2Fv2%2Fproduct_cat&post=634"},{"taxonomy":"product_tag","embeddable":true,"href":"https:\/\/sietecolores.co\/index.php?rest_route=%2Fwp%2Fv2%2Fproduct_tag&post=634"}],"curies":[{"name":"wp","href":"https:\/\/api.w.org\/{rel}","templated":true}]}}